omposite?
True
Is 566131 composite?
False
Is 378347 composite?
True
Is 136470007 composite?
True
Is 184040807 composite?
False
Is 1318417 a composite number?
True
Is 28795133 a composite number?
False
Is 9244093 a composite number?
False
Is 45748421 prime?
True
Is 79927391 a composite number?
False
Is 123545957 a prime number?
True
Is 28742071 a composite number?
True
Is 553351331 composite?
True
Is 11494853 a prime number?
True
Is 928787 prime?
True
Is 44571407 a prime number?
True
Is 48891301 a composite number?
True
Is 94737613 prime?
True
Is 4624954 a prime number?
False
Is 3712045 a prime number?
False
Is 26239387 a composite number?
True
Is 335835043 prime?
False
Is 63254413 composite?
False
Is 4735037 composite?
False
Is 145730357 a prime number?
True
Is 16267841 prime?
False
Is 8743495 a composite number?
True
Is 15112879 composite?
False
Is 28967713 a composite number?
False
Is 91914961 composite?
True
Is 298841 a composite number?
False
Is 23230967 composite?
True
Is 2566513 a prime number?
True
Is 1477121 a prime number?
False
Is 9549949 composite?
True
Is 53543419 a composite number?
False
Is 18776941 prime?
True
Is 2581021 prime?
False
Is 626217 a composite number?
True
Is 66830237 composite?
False
Is 19966742 a composite number?
True
Is 106428403 composite?
False
Is 5154517 composite?
True
Is 12166321 composite?
False
Is 16845461 prime?
True
Is 14674469 a composite number?
True
Is 12350246 prime?
False
Is 1599977 a prime number?
True
Is 174946 a composite number?
True
Is 663664657 composite?
False
Is 51826629 composite?
True
Is 92756603 composite?
True
Is 7508773 composite?
True
Is 673192183 a composite number?
True
Is 19302071 a composite number?
False
Is 7789123 prime?
True
Is 208770571 a prime number?
True
Is 4311871 a composite number?
False
Is 1566637 composite?
False
Is 448421383 a composite number?
False
Is 8855669 prime?
True
Is 6060181 prime?
True
Is 9715469 composite?
True
Is 12214159 prime?
True
Is 90747753 a prime number?
False
Is 8557747 composite?
True
Is 821578 composite?
True
Is 12075803 a prime number?
False
Is 3740861 a prime number?
False
Is 265561 a prime number?
True
Is 196786043 a composite number?
False
Is 3034507 prime?
False
Is 41357 prime?
True
Is 879119 a composite number?
False
Is 5080189 composite?
True
Is 64683133 a prime number?
True
Is 15976869 composite?
True
Is 7238633 a prime number?
True
Is 210709133 a prime number?
True
Is 43503403 prime?
True
Is 9947473 a prime number?
True
Is 1283159 composite?
False
Is 20954861 prime?
True
Is 89938943 a composite number?
False
Is 1393159 a composite number?
False
Is 9990633 a composite number?
True
Is 475071637 a composite number?
False
Is 1836429643 prime?
True
Is 10045787 a composite number?
False
Is 105377 composite?
True
Is 36568517 a prime number?
False
Is 348048991 a prime number?
True
Is 10917371 a composite number?
True
Is 112259057 a composite number?
False
Is 1635199 a prime number?
True
Is 6093239 a composite number?
True
Is 11188715 a composite number?
True
Is 167503927 a composite number?
True
Is 295643 prime?
False
Is 29494313 prime?
True
Is 12180307 prime?
True
Is 16565401 prime?
True
Is 13755319 prime?
False
Is 116604487 composite?
False
Is 252997 a composite number?
True
Is 240592927 a prime number?
True
Is 14760269 prime?
True
Is 14062649 a prime number?
False
Is 517003 a composite number?
False
Is 14580221 a prime number?
True
Is 204199265 a prime number?
False
Is 69575539 composite?
True
Is 8908403 a prime number?
False
Is 18089989 a composite number?
True
Is 17971 a prime number?
True
Is 135965155 a prime number?
False
Is 53994077 prime?
False
Is 4105763 a prime number?
True
Is 3471035 a composite number?
True
Is 21711763 composite?
True
Is 790043 composite?
False
Is 401435159 a prime number?
False
Is 1100329 prime?
False
Is 2845757 a prime number?
False
Is 20514587 prime?
True
Is 6808633 composite?
True
Is 204299 prime?
True
Is 1953857 prime?
True
Is 190336919 a composite number?
False
Is 394843 composite?
True
Is 315532081 a prime number?
True
Is 12335357 prime?
False
Is 3405671 prime?
True
Is 6367511 prime?
False
Is 5684561 a composite number?
False
Is 94779967 a prime number?
True
Is 181157 composite?
False
Is 3329083 composite?
False
Is 87206437 a composite number?
False
Is 2313967 a composite number?
False
Is 8263859 a prime number?
True
Is 51975227 prime?
True
Is 37800821 a composite number?
False
Is 39690577 composite?
True
Is 2557043 a composite number?
True
Is 32566397 a composite number?
True
Is 24658187 a prime number?
True
Is 150934843 prime?
True
Is 891386057 prime?
True
Is 28031699 a prime number?
True
Is 347781493 a composite number?
False
Is 99947 a composite number?
True
Is 28807199 a prime number?
False
Is 117207631 a composite number?
False
Is 29023921 prime?
False
Is 6426907 a composite number?
False
Is 2121117307 prime?
False
Is 650587 a composite number?
True
Is 24902029 a prime number?
True
Is 10672411 prime?
True
Is 47095493 a prime number?
True
Is 463339013 a prime number?
True
Is 9976999 a prime number?
False
Is 8273579 a composite number?
False
Is 482539 composite?
False
Is 7762273 composite?
True
Is 76763095 prime?
False
Is 7162019 a prime number?
False
Is 7814039 a prime number?
False
Is 8099927 prime?
False
Is 31634717 a composite number?
False
Is 10352599 a composite number?
True
Is 36604483 prime?
False
Is 37737797 a composite number?
True
Is 60324907 a composite number?
True
Is 3996539 a composite number?
True
Is 2947733 a composite number?
True
Is 60887 prime?
True
Is 431971 a composite number?
True
Is 12122309 a prime number?
False
Is 13672939 composite?
True
Is 191959979 composite?
False
Is 98332001 a composite number?
False
Is 204673363 a prime number?
False
Is 21587 prime?
True
Is 24202513 a prime number?
False
Is 57087583 composite?
True
Is 2906509 a composite number?
False
Is 75735851 composite?
False
Is 56144447 prime?
True
Is 14322707 a composite number?
True
Is 4993477 a composite number?
True
Is 7523419 a prime number?
True
Is 39719231 a prime number?
False
Is 18393421 a prime number?
True
Is 158853671 a composite number?
True
Is 56348615 a composite number?
True
Is 213394259 a prime number?
False
Is 82025651 composite?
False
Is 32946709 prime?
True
Is 7312831 composite?
False
Is 2104313 composite?
False
Is 3987535 a composite number?
True
Is 11657071 a prime number?
False
Is 2115181 a prime number?
True
Is 4358059 prime?
True
Is 228539941 composite?
True
Is 8389463 prime?
True
Is 268088813 a prime number?
True
Is 3061181 prime?
True
Is 50681597 prime?
True
Is 40084421 prime?
False
Is 5257331 a composite number?
False
Is 30480217 prime?
True
Is 66036031 a composite number?
False
Is 3924238 composite?
True
Is 425026007 prime?
False
Is 722444383 composite?
True
Is 38894029 a prime number?
False
Is 44618767 composite?
False
Is 14334619 a prime number?
False
Is 121427237 a composite number?
True
Is 6309257 a composite number?
True
Is 718999 a prime number?
True
Is 763223 a composite number?
False
Is 66177953 prime?
True
Is 4796357 composite?
False
Is 281171 a composite number?
True
Is 866693627 prime?
True
Is 438661 composite?
False
Is 73957397 a prime number?
False
Is 10146907 a composite number?
False
Is 16445381 a composite number?
False
Is 2847281 composite?
True
Is 39015481 prime?
True
Is 35300527 a composite number?
True
Is 2521249 prime?
True
Is 6815129 a composite number?
True
Is 14126909 a composite number?
True
Is 17265763 composite?
False
Is 119478274 a composite number?
True
Is 7173433 composite?
False
Is 495877 prime?
True
Is 732839 composite?
True
Is 19632329 prime?
True
Is 210929 prime?
True
Is 24152489 a prime number?
True
Is 23619281 prime?
False
Is 1476331 prime?
False
Is 109702253 composite?
False
Is 4548073 composite?
True
Is 317881 a prime number?
False
Is 11125223 a composite number?
False
Is 258143573 composite?
True
Is 58215139 a composite number?
True
Is 134960339 a composite number?
False
Is 261345203 prime?
False
Is 16688843 a composite number?
False
Is 11821219 a prime number?
False
Is 66868231 a prime number?
True
Is 3828729 composite?
True
Is 1089359 prime?
True
Is 4386163 prime?
False
Is 58426409 composite?
False
Is 75467479 a composite number?
False
Is 2923011